at is -100000011001110 + 11100111110001?
-11011011101
In base 11, what is 1 + -136732755?
-136732754
In base 2, what is 101110000111111001 - -10010001010?
101110011010000011
In base 16, what is -1 + 1663ed?
1663ec
In base 4, what is 220120132113221 + -11?
220120132113210
In base 6, what is 5213131 + 211?
5213342
In base 16, what is -debd4 - 64?
-dec38
In base 2, what is 10101101111 + 10010111101001?
10101101011000
In base 11, what is 146393 - -15?
1463a8
In base 13, what is -107c5ab7 + 3?
-107c5ab4
In base 4, what is -33331 - -31001?
-2330
In base 15, what is -b20 + 5a4?
-56b
In base 2, what is -110010000111 + -11011111000101?
-100010001001100
In base 12, what is -147 - -2669?
2522
In base 8, what is 36275 - -20642?
57137
In base 6, what is 532 - -232001230?
232002202
In base 16, what is ebb - -fa3?
1e5e
In base 3, what is 2010100111 - -210022?
2011010210
In base 15, what is -4279 - 401?
-467a
In base 4, what is -22303 - -200212331?
200130022
In base 5, what is 4121 + 113404?
123030
In base 13, what is -2482 + -2c10?
-5392
In base 14, what is a1 + -c8488?
-c83c7
In base 14, what is -2 - -92d5b0?
92d5ac
In base 16, what is -51f0c - -2f?
-51edd
In base 5, what is -12403210 + 10130?
-12343030
In base 11, what is 46249a0 - -74?
4624a64
In base 7, what is -13052322 + 3?
-13052316
In base 14, what is -2072135 + -1?
-2072136
In base 9, what is 6252235 - -2?
6252237
In base 5, what is -211 + -40400?
-41111
In base 9, what is -27 - 20174847?
-20174875
In base 10, what is 4 - 114067173?
-114067169
In base 4, what is -122220213020 + -1?
-122220213021
In base 7, what is 5106526326 + -4?
5106526322
In base 6, what is -3552 + -22145?
-30141
In base 2, what is 10001100110000000 - 100000101?
10001100001111011
In base 13, what is -12a9a924 - 16?
-12a9a93a
In base 8, what is -400227402 + 0?
-400227402
In base 5, what is 10002124401 - 3?
10002124343
In base 9, what is 12 + -5323663?
-5323651
In base 4, what is -2 - -20122013130?
20122013122
In base 2, what is 1000000001 + 10011110101000101?
10011111101000110
In base 5, what is -3 + 4041030010?
4041030002
In base 4, what is -1 + 3210302210313?
3210302210312
In base 12, what is -2a5 + -56b67?
-57250
In base 15, what is 1 - 1e463c?
-1e463b
In base 7, what is -30431212 + 5?
-30431204
In base 3, what is -102221 - 1220021011102?
-1220021121100
In base 15, what is 199 + 52152?
522eb
In base 6, what is -114514 - 1245033?
-1403551
In base 14, what is -4 + 4138b77?
4138b73
In base 2, what is -10100111111111101001111100110 + 0?
-10100111111111101001111100110
In base 13, what is -13c - -b9b?
a5c
In base 12, what is -32b435 - -27?
-32b40a
In base 9, what is 45 + -611862?
-611816
In base 11, what is 2481353 - 5?
2481349
In base 9, what is 162 + 33673?
33845
In base 11, what is 12a6593 - -73?
12a6656
In base 3, what is -1022022 + -2101122022?
-2102221121
In base 7, what is -334600512 + -4?
-334600516
In base 11, what is 83975106 - -5?
83975110
In base 15, what is -aa + 53e645?
53e58a
In base 9, what is -75123457 + -3?
-75123461
In base 3, what is 101111122111000 - 2?
101111122110221
In base 15, what is -212ba + -61c?
-218d7
In base 9, what is -125641 + 17326?
-107314
In base 9, what is 2681 + -63858?
-61167
In base 8, what is -207 + 7731644?
7731435
In base 8, what is -3 + 1103745162?
1103745157
In base 8, what is -376335550 - 4?
-376335554
In base 10, what is 3 + 2085093?
2085096
In base 12, what is 3 - -9b84897?
9b8489a
In base 16, what is 5 + ab5ee86?
ab5ee8b
In base 3, what is -22120110 - -1212111?
-20200222
In base 15, what is -60 - -14e939?
14e8c9
In base 4, what is 111030 - -3022331203?
3023102233
In base 7, what is 31 + -1615035?
-1615004
In base 4, what is -122033101302 + -21?
-122033101323
In base 14, what is 4 - 355b7b?
-355b77
In base 4, what is -1133231 + 113000?
-1020231
In base 4, what is -100313023212 - 0?
-100313023212
In base 13, what is -7874 + 243?
-7631
In base 8, what is -10367 + -132130?
-142517
In base 15, what is -20e3 - -c3a?
-13a8
In base 8, what is 20422136 - -147?
20422305
In base 13, what is -5c1331 + ac?
-5c1252
In base 8, what is 43511 - 360?
43131
In base 13, what is -13893ac + -5?
-13893b4
In base 8, what is -2143424 + 4?
-2143420
In base 10, what is 5 - 19404263?
-19404258
In base 16, what is -6 + -402f9?
-402ff
In base 6, what is 1 + 15521242204?
15521242205
In base 3, what is -1020011202201 - 10120?
-1020011220021
In base 12, what is -3623 - 428?
-3a4b
In base 15, what is -23b19 + -34?
-23b4d
In base 14, what is 18a + 825b3?
8275d
In base 10, what is -43661 + -76?
-43737
In base 9, what is 203843 - 464?
203368
In base 7, what is 210 + -63024214?
-63024004
In base 16, what is -527 + 5a50?
5529
In base 15, what is -19 - 98983?
-9899c
In base 4, what is -3213031220 + -3031?
-3213100311
In base 7, what is -50 + 14412556?
14412506
In base 10, what is 1713357 + 0?
1713357
In base 15, what is 236ad1 - 13?
236abd
In base 7, what is -2310 + 13215?
10605
In base 5, what is -40240101404 + 4?
-40240101400
In base 2, what is 11011101001111101010 + -101?
11011101001111100101
In base 6, what is -2053111 - -132555?
-1520112
In base 11, what is -22852094 - -2?
-22852092
In base 10, what is -110757 - -49?
-110708
In base 16, what is 101f + -110?
f0f
In base 16, what is -1e1c907 - 2?
-1e1c909
In base 10, what is -81 + 325308?
325227
In base 8, what is 307212 + -637?
306353
In base 16, what is -1e5b3 + 5b?
-1e558
In base 5, what is -32101 + 303421?
221320
In base 16, what is -63d - -5284?
4c47
In base 11, what is 448647 - -1?
448648
In base 12, what is -60 + 398418?
398378
In base 8, what is -407224 - -2037?
-405165
In base 15, what is 5935b - -c?
59368
In base 14, what is b416dc + -1c2?
b4151a
In base 15, what is 63a + 433b?
4976
In base 5, what is -21024442333 - 1?
-21024442334
In base 11, what is 7179 - -369?
7537
In base 11, what is -5645 - 1876?
-7410
In base 6, what is 24350 + 2505534?
2534324
In base 3, what is 20 + 1002200221111201?
1002200221111221
In base 16, what is -2 + -5b9c54?
-5b9c56
In base 2, what is 11010011010101111101110 + 100?
11010011010101111110010
In base 7, what is 63043555 + 5?
63043563
In base 6, what is 25 + 2215515?
2215544
In base 2, what is 1011010110111001001100000000 + -1?
1011010110111001001011111111
In base 15, what is 3a23a + d?
3a248
In base 7, what is 3 - 6655110?
-6655104
In base 6, what is -13000 - -41043?
24043
In base 12, what is 470324 + 11?
470335
In base 2, what is -1010110100101100111011110 - -10?
-1010110100101100111011100
In base 5, what is 10 - -1241331420?
1241331430
In base 9, what is -4 + 7333805?
7333801
In base 6, what is 20 + -13010201?
-13010141
In base 2, what is 1111100001100 - -1110011100?
10001010101000
In base 4, what is -223020 + -101122?
-330202
In base 10, what is -3469892 + 5?
-3469887
In base 7, what is -11 - -616010114?
616010103
In base 8, what is -100404 + 75044?
-3340
In base 11, what is 4956 + 916?
5771
In base 3, what is 1110 - -20112001022?
20112002202
In base 5, what is 240 - -303242?
304032
In base 6, what is 3140313 - 0?
3140313
In base 16, what is 4 - -48b035d?
48b0361
In base 13, what is -5 + -2a265a?
-2a2662
In base 3, what is -110122122000210 + 1?
-110122122000202
In base 7, what is -13 - -4142160?
4142144
In base 14, what is -7 - 6129745?
-612974c
In base 16, what is 55 + -210cdb?
-210c86
In base 10, what is -73 - -747024?
746951
In base 15, what is 92e72ad + -3?
92e72aa
In base 2, what is 10000010110110110101110 + -1011000?
10000010110110101010110
In base 15, what is 2a42e + -5?
2a429
In base 5, what is -2202 + -3341110?
-3343312
In base 14, what is -1062 + 34d29?
33ca7
In base 4, what is 111 - -1000213301?
1000220012
In base 11, what is aa02219 - -4?
aa02222
In base 5, what is -2040003 - -234041?
-1300412
In base 8, what is 662 + 731545?
732427
In base 8, what is 17 - 37550?
-37531
In base 14, what is -6 - 4738d4?
-4738da
In base 5, what is 121234133344 - 1?
121234133343
In base 10, what is -10134169 + -24?
-10134193
In base 7, what is -5 - -152434156?
152434151
In base 12, what is 153 - -11222?
11375
In base 9, what is -5 - -805431?
805425
In base 13, what is 2ac7762 - -4?
2ac7766
In base 14, what is -11 - -3d78409?
3d783d8
In base 6, what is 1101 + -434243?
-433142
In base 16, what is 5 + 5215dc7?
5215dcc
In base 3, what 